-75)/10 + 6)/((-45)/(-2305335)) a prime number?
True
Let y(m) = 12*m**2 - 104*m + 993. Is y(101) a composite number?
False
Let t = 106108 - 33297. Is t a composite number?
True
Let g = 75569 + -16603. Is g composite?
True
Let m be 9 + (-1 - 4) + 3. Let u = 6 - m. Is u*1 + 7 + 117 a composite number?
True
Let z(j) = j**2 - j - 26. Let n be z(23). Let u = 247 - n. Let g = -156 - u. Is g prime?
False
Let q(k) = k**3 + 12*k**2 + 10*k - 11. Let l be q(-11). Suppose l*m + 8 = 4*m. Suppose t + m*z = 695, 2*t = -0*t + 3*z + 1376. Is t a prime number?
True
Suppose 30*j - 65*j = -40*j + 67075. Is j prime?
False
Let j = -310242 + 560393. Is j prime?
False
Let c(l) = 232763*l + 1190. Is c(4) a composite number?
True
Suppose -192 = 3*v - 198. Suppose -11*c + 2*f + 1827 = -10*c, v*c = 2*f + 3648. Is c a composite number?
True
Let g(m) = 13 + 222*m - 24 - 2806*m. Is g(-6) prime?
True
Let n = 20993 + -4512. Is n prime?
True
Suppose -3*l = -4*l - 6207. Let x = l - -12929. Suppose -5*k = -3*m - x, k + 5*m - 718 - 632 = 0. Is k prime?
False
Let d = -14 + 19. Suppose 0 = -2*h + 5*n + 4496, -d*n = 5*h - 10*n - 11270. Is h prime?
False
Suppose 9192 = 6*k - 48534. Suppose -51*c = -60*c + k. Is c a prime number?
True
Let o = 56596 + -23847. Is o a prime number?
True
Let d be (19/(-38))/((-1)/(-14)). Let o be (-3 + d)*306/4. Let b = 1379 + o. Is b composite?
True
Suppose -5*p = -5*m + 2*m - 6537, -m - 4 = 0. Let c = p - 734. Is c a composite number?
False
Suppose -5*i + o = -233098, 233089 = -7*i + 12*i + 2*o. Is i prime?
True
Let n be ((-121662)/135)/(2/(-5)). Let u = n - -4508. Is u prime?
True
Let f = 72 - 159. Let s = f - -154. Suppose -5*h - s = -6*h. Is h composite?
False
Suppose -8*c + 99 = -229. Suppose -c*z = -38*z - 3*q - 28899, -z + 9653 = 4*q. Is z prime?
False
Let b(a) = 56611*a**2 + 132*a + 2. Is b(3) prime?
False
Suppose 13050 = -14*o + 12*o. Let y = 10354 + o. Is y a prime number?
False
Suppose -33*v = -36*v + 21669. Let p = v + -3881. Is (p/4)/(21/14) composite?
False
Is 0 + 2 + (-2453991)/(-93) a composite number?
True
Suppose -4*k - 13619 = -5*t, 158*t = 162*t + 4*k - 10852. Is t prime?
True
Let g(y) = 6297*y - 116. Is g(9) composite?
True
Let h(n) be the second derivative of n**7/280 + n**6/360 + 631*n**4/8 + 5*n**3 - 38*n. Let r(m) be the second derivative of h(m). Is r(0) a prime number?
False
Let d(y) = -804*y - 1. Let w(u) = u + 1. Let t(q) = d(q) + 6*w(q). Let k(b) = -799*b + 5. Let i(p) = 6*k(p) - 7*t(p). Is i(1) prime?
True
Suppose 32*l + 3171620 = 114*l - 250158. Is l composite?
False
Let y = 1300215 + -216628. Is y prime?
False
Let t = -90722 + 159228. Is t a composite number?
True
Suppose 4*g - 5*l + 9 = 40, -4*g + 22 = -2*l. Let y = g - -1264. Suppose 4*d = 8*d - y. Is d a composite number?
False
Let a be 5 - (-6 + 9) - 6. Let f(o) = -37*o**3 - 26*o - 13. Is f(a) a prime number?
True
Suppose 2*v = -o + 1, -19 = -2*v + 5*o - 0. Let z be 7/(7/1852) - v. Suppose -z - 8375 = -5*r. Is r a composite number?
True
Let j = -4133 - -2341. Let o = 239 - j. Is o a prime number?
False
Let u(x) be the third derivative of -x**6/120 + 13*x**5/30 - 31*x**4/24 - 3*x**3/2 + x**2. Let y = -1005 + 1019. Is u(y) composite?
True
Let l = -60957 - -175738. Is l a prime number?
True
Let p(b) = -b**2 - 11*b - 12. Let z be p(-9). Suppose z*j - 4 = 4*j. Suppose -a - g = -2*a + 995, j*a + 3*g - 1980 = 0. Is a prime?
False
Let k be (-29)/(-29)*0/2. Suppose 5*i + 3*j - 14680 = k, -3*i - 2944 = -4*i + j. Is i a composite number?
False
Suppose -44*m + 76*m - 31369568 = 0. Is m a composite number?
False
Let s(m) = -52*m**2 - 5*m - 9. Let j be s(-5). Let q = 2501 + j. Is q a prime number?
True
Is ((-10)/4 - -1)*601286/(-21) a composite number?
True
Let q be -2 - (-3)/(-3 + 2). Let l = q - -117. Is (l/49 - (-4)/(-14)) + 4151 prime?
True
Suppose 77*t + 20 = 67*t. Is 5/(60/70776) + (t - -7) a composite number?
False
Let t = -58447 - -115440. Is t a prime number?
True
Suppose -8*k - 9 = -33. Suppose -7 = k*x - 4*n, 3*x + 2*n - 10 = 7. Suppose 2*b - 4207 = x*c + 90, 0 = 5*b - 3*c - 10756. Is b composite?
False
Let a(p) be the third derivative of -13*p**5/30 - 3*p**4/8 - 2*p**3 - 12*p**2. Let x be a(6). Let s = 149 - x. Is s prime?
True
Suppose -5*f + 406204 = 2*b, -2240*b + 812396 = -2236*b + 4*f. Is b a composite number?
True
Suppose 18*q - 22*q + 88 = 4*k, 4*k - 112 = 4*q. Suppose -24*x = -k*x + 1937. Is x composite?
True
Let l be (2/4)/(1 + 6/(-8)). Let u be l/7 + (-3 - (-160)/28). Suppose -47 = u*k - 656. Is k a prime number?
False
Let g = -1469180 + 2633407. Is g composite?
True
Let a = 105 + -51. Is (-18890)/(-6) + 36/a a prime number?
False
Let t(s) = 25*s - 40. Let k be t(-17). Let d = 442 - k. Is d a composite number?
False
Let q(y) = 3607*y**2 - y - 2. Let d be q(-1). Let h = d - 2152. Is h prime?
False
Is ((-647994)/9*15/10)/(7 + -8) prime?
True
Is ((-490)/(-30) - 17)/(1/(1666647/(-2))) prime?
False
Suppose -5*k + 20 = -k, 4*z = 4*k + 60. Let v(p) = 6*p**2 - 3*p + 18. Let s be v(-8). Let m = z + s. Is m composite?
True
Suppose 0 = o - 5*h - 214043, -4*h = 3*o + 292751 - 934880. Is o a composite number?
False
Let z = 183 - 174. Suppose -6*m + z*m = 867. Is m a composite number?
True
Let i(p) = p**3 + 10*p**2 + 7*p - 14. Let d be i(-9). Let m be -4 + (0 - (-512 - d)). Suppose -m = -7*g + 293. Is g a prime number?
False
Suppose 10*t - 5*t - 5 = 0, 3*t - 54 = x. Let f = 54 + x. Is (-3)/2*((-89)/f - -5) composite?
False
Suppose 10 = s + 4*d, 2*s + 3*d = d + 14. Let l be (-17)/(-5) + (99/15 - s). Suppose -2329 = -4*t - c, 2326 = l*t - c + 3*c. Is t a composite number?
True
Let x = -335610 - -520493. Is x a composite number?
True
Let f be -2 + 4 - (-3 + 2). Suppose 150 = 5*x - f*x. Suppose 3*a - 270 = u + 2*u, -2*u = a - x. Is a a composite number?
True
Suppose 2*i = -4*b + 84, -3*b - 21 = i - 68. Suppose 11076 = i*r - 28*r. Is r/15 + (-8)/(-20) a prime number?
False
Let i be ((-18)/8)/(108/(-720)). Is -1*3*(-498 - (8 - i)) composite?
True
Is -788*((-14)/84)/(7/((-241836)/(-8))) a composite number?
True
Let h = 76 - 40. Let c = h - 33. Suppose t - 2929 = 2*p, -5867 = -2*t - 2*p + c*p. Is t composite?
True
Let u = -25 + 21. Let k be 0/(-2) + 6 + u. Suppose 0 = k*a - 3*q - 943, -2*a - a - q = -1398. Is a prime?
True
Let n(q) = -2*q + 27. Let g be n(11). Suppose 2*u - 806 - 23 = -3*f, g*f + 853 = 2*u. Is u a prime number?
True
Suppose 0 = 4*v - 21538 - 14638. Suppose -14*d + v = -5558. Is d prime?
False
Let r = 143793 - 64808. Is r a prime number?
False
Let t be -5 + 1*(10 - 0). Suppose -10*k = -11*k + t. Suppose 6360 = -a + 5*a - q, -k*q - 3162 = -2*a. Is a a prime number?
False
Let n = 4280 - 2202. Is 20/(-4) + 8 + n a composite number?
False
Let l = -67 - -71. Suppose 0 = -4*t - 2*f + 15456, 2*f - 3692 = l*t - 19140. Is t a composite number?
False
Suppose -17963 + 59521 = 2*u. Is u composite?
True
Suppose -5*w - q + 131 = 0, w + q = -4*q + 7. Suppose -m - 87646 = -w*m. Is m prime?
True
Suppose -d - 14759 = -4*c, -c + 3990 = -3*d + 314. Let k be 1*(108 + -2)*-17. Let s = c + k. Is s prime?
True
Suppose -3*g = 5*q - 285567, -95197 = 18*g - 19*g - 3*q. Is g composite?
True
Suppose 236*b - 16952905 = 84543379. Is b a prime number?
False
Let v(i) = -2*i**3 - 53*i**2 - 33*i + 12. Let w be v(-24). Let j = -1457 - w. Is j prime?
True
Suppose 4*q = 86 + 82. Is 28452/q - (-15)/(-35) prime?
True
Suppose 73*u - 255*u + 4295746 = 0. Is u prime?
True
Let o = -71 - -74. Suppose 2*u + 2*l - 2261 - 1595 = 0, 0 = -o*l - 9. Is u a composite number?
False
Let c = -89 + 104. Is 69895/c + 10/(-15) a composite number?
True
Let w be (-2)/9 + (-126177)/(-27). Suppose 4*g = u + w, 2*u - 6*u = 4*g - 4688. Is g prime?
False
Let c(h) = -13*h**2 + 14*h - 12. Let f be c(10). Let z = 2527 + f. Is z composite?
True
Suppose -2*c - 7 = -13. Let j be -3*(c*8/(-12) + 1). Suppose j*m - 1032 = -5*m. Is m composite?
True
Suppose -9699747 = 19*h - 65*h - 267493. Is h composite?
True
Let v(i) = -2*i**3 + 20*i**2 + 7*i - 44. Let k(j) = -5*j**3 + 59*j**2 + 21*j - 132. Let u(c) = -3*k(c) + 8*v(c). Is u(-25) prime?
False
Let a(f) = -2*f + 3. Let w(u) = -u - 1. Let p be w(1). Let i be a(p). Is ((-316)/(-1) - i/14)*2 a composite number?
False
Is 6/(-9)*-18 + 27254/2 a prime number?
False
Suppose 0 = 95*r - 118*r + 4